 = b - 1 - 6*b + 3 + 0. Determine w(2).
-8
Let h(n) = -n**3 - n - 11. Let y be (-6 - (-5 - -2)) + 3. Calculate h(y).
-11
Let v(i) be the second derivative of -i**3/6 - 15*i**2/2 + 3*i. Give v(-10).
-5
Let o(b) = 4*b - 3 - b - 6*b. Let i be o(-2). Let h be (i/3)/((-2)/(-6)). Let t(p) = -p**2 + 2*p - 1. What is t(h)?
-4
Suppose 0 = -5*w + 2*w - 51. Let k(d) = 32*d + 11. Let y(f) = -11*f - 4. Let r(c) = w*y(c) - 6*k(c). Let q(l) = l**3 + l**2 - l + 2. Let m be q(0). Give r(m).
-8
Suppose 0 = 2*n - n. Let j(d) be the second derivative of 0 - 5*d - 3*d**2 - 1/6*d**3. Determine j(n).
-6
Suppose 5*v = 10 - 0. Let f(j) = -5*j**v + 20*j - 23*j + 9 - 4 - j**3. What is f(-4)?
1
Let c(u) = -u**3 + u**2 - u - 3. Let t(o) = -3*o + 6. Let x be t(2). Calculate c(x).
-3
Let i(u) be the first derivative of -u**4/4 + u**2 + 1. Let q be i(-2). Let v(b) = -b**2 + 4*b + 3. Let x(f) = 1. Let o(j) = v(j) - 3*x(j). Determine o(q).
0
Let b(t) = t**3 + 4*t**2 - 3*t + 7. Let i be b(-5). Let h(x) = 4*x**2 - 3*x + 2. Let s(z) = 5*z**2 - 3*z + 3. Let q(p) = i*s(p) + 4*h(p). Give q(5).
9
Let s(t) be the third derivative of 0 - 1/60*t**5 - 1/3*t**3 + t**2 - 1/8*t**4 + 0*t. Let d = 14 + -16. Calculate s(d).
0
Let u(z) = -z**3 - z**2 - 2. Let y(q) = 2*q - 6. Let j be y(4). Let s = j + -6. Let f(r) = 2*r**3 + 2*r**2 + r + 5. Let a(m) = s*f(m) - 9*u(m). Give a(-3).
-8
Let o(n) = n + 1. Let c(f) = -5*f - 3. Let a(m) = -3*c(m) - 12*o(m). Give a(5).
12
Let r = 10 + -4. Suppose r - 2 = 2*p, 5*c = -5*p. Let h be (-3)/(-6) - (-3)/c. Let v(b) = -4*b**3 - b - 1. Calculate v(h).
4
Let x(s) = 11*s**2 - 14*s - 12. Let z(m) = 5*m**2 - 7*m - 6. Let u(l) = 6*x(l) - 13*z(l). Calculate u(-4).
-6
Let t(p) = -p**3 - 4*p**2 - 4*p - 3. Suppose 8 = -f + 2*x, 2*f = 5*x - 19 - 0. Calculate t(f).
-3
Let p(n) be the second derivative of n**5/20 + 2*n**4/3 - n**3/6 - 2*n**2 - 4*n + 1. Calculate p(-8).
4
Let s(q) = 2*q + 1. Let h(l) = l + 1. Let v(w) = -13*h(w) + 6*s(w). Determine v(-5).
-2
Suppose -j = -2, 3*h - 3*j + 2 = 4*h. Let d be 1 - (-2)/(1 - -1). Let q(r) = -2*r - r + d*r. What is q(h)?
4
Let t = 22 - 16. Let v(w) = w + 3. Determine v(t).
9
Let l(q) = -q**3 - 2*q**2 + q - 4. Let p be l(-3). Let x(r) = 8*r - 1. Calculate x(p).
15
Let h(d) be the second derivative of d**3/6 - d**2/2 - 9*d. Calculate h(1).
0
Let f(z) = z + 6. Let t = -3 - -4. Let y be t*(0/3 - 0). Calculate f(y).
6
Let p(f) = 5*f + 4. Suppose 0*h - h + a - 4 = 0, -5*a = -2*h - 8. Give p(h).
-16
Suppose 7*c - 30 = 2*c. Let l(o) = 7*o**2 + 7*o + 3. Let x(k) = 6*k**2 + 6*k + 3. Let y(r) = c*x(r) - 5*l(r). Let z be -1*0/(4/(-2)). Give y(z).
3
Let u = 2 + -2. Suppose -3*d - 3 = -u*d + 2*v, -d + 5*v - 18 = 0. Let a be -1 + d/((-6)/4). Let j(c) = -8*c**3 + 2*c**2 - c. Determine j(a).
-7
Let c(s) = -s**3 + 8*s**2 - 7*s + 3. Let g be c(7). Let q(v) = -v**2 - v - 4. Let z(y) = -y - 3. Let b(w) = g*z(w) - 2*q(w). What is b(-1)?
2
Let k(n) = -2*n**3 + 3*n**2 + 4*n. Suppose 3*j - 9 = -0*j. Determine k(j).
-15
Let r(z) = -z**3 + 2*z**3 + z**2 + z**2 - z. Let f = -6 + 8. Suppose -1 - f = c. What is r(c)?
-6
Let n(o) = -o**3 - 5*o**2 + o + 7. Let u be n(-5). Suppose 12 = 5*l + u. Let j(k) = 8*k**2 + k**2 - 2*k - 3*k**l + 1. Determine j(1).
5
Let l(z) = -759*z**3 - 769*z**3 + 1531*z**3 + 1. Let q(c) = -c - 2. Let p be q(-3). Determine l(p).
4
Let c be (7/7)/((-2)/(-8)). Suppose 3 = -j + 2*j, 0 = 2*i + 3*j - 11. Let l = i + c. Let g(u) = u**3 - 5*u**2 - u + 4. Determine g(l).
-1
Let o(d) = -d + 5. Let j = 0 - 1. Let u = 1 - j. Let h = u + -2. What is o(h)?
5
Let u(r) = -11*r**2 - 2*r + 6*r**2 - r**3 - 2*r**2 + 7. Give u(-6).
-17
Suppose 5*s - 3*b - 45 = 0, b + 3 = 3*s - 20. Let g = s - 2. Let t(l) = 2*l + 1. What is t(g)?
9
Let y(q) = -5*q**2 - 2*q + 1. Let g be ((-162)/24)/(-9) + 1/4. Determine y(g).
-6
Let d(s) = -s**2 + 2*s + 1. Let r be 0 + 0 - 0/4. Suppose r = 4*b - 1 + 5, 0 = -3*o + b - 2. Determine d(o).
-2
Let n be (12/9 - 2)/(2/(-21)). Let g(u) = u + 9. Give g(n).
16
Let n(f) = -3*f - 2. Let m(u) = 2*u + 3. Let r(q) = 3*m(q) + 4*n(q). Let o = 14 + -13. What is r(o)?
-5
Let k(r) = 5*r**2 + r - 5. Let j(p) = 4*p**2 + p - 4. Let m = 11 - 5. Let g(u) = m*j(u) - 5*k(u). Calculate g(-2).
-5
Suppose -3*g = -5*g + 4. Let y(t) = -4*t + 2*t**2 + 4*t + 0*t**g. What is y(2)?
8
Let a(z) = 3*z**2 - 6*z - 3. Let j(t) = -t**2 + 2*t + 1. Let d(w) = -6*a(w) - 17*j(w). Determine d(-2).
-7
Let j(y) = y**3 + y + 5. Let c(b) = -b**2 + 5*b. Let s be c(3). Suppose 3*a = -0*a + s. Let l = a - 2. Give j(l).
5
Let p(k) = -7*k. Let b(y) = -y**2 - y + 1. Let d be b(-2). Determine p(d).
7
Let o = -7 - -9. Let g(v) = 2*v**2 + v + 1. Determine g(o).
11
Let g(v) be the third derivative of -v**4/24 - v**3/3 + v**2 - 35. Determine g(0).
-2
Let o = -5 - -6. Let p(z) = z - 1. Let s(l) = l**2 - 1. Let b(r) = o*s(r) - 5*p(r). Calculate b(5).
4
Let a(j) = -j - 7. Let y be a(0). Let g(q) = q + 11. Give g(y).
4
Let j(m) = 6*m**3 + m - 1. Suppose 2*q - 2 = -2*w, -2*w + 0 = 4*q - 4. Let y(r) = r**3 - r**2 - r + 1. Let l be y(0). Let b be q/(2 + l + -2). Determine j(b).
6
Let f(k) = -k. Let w(i) = -i**3 - 2*i**2 + 2*i + 3. Let a be w(-3). Let r(p) = 0 + 7 - p - a*p + p**2. Let j be r(6). Determine f(j).
-1
Let u(s) = -1 - 3 + 7*s - 5. Let b(j) be the second derivative of -j**3/2 + 2*j**2 + j. Let t(m) = 9*b(m) + 4*u(m). What is t(-1)?
-1
Let p(u) = -3*u + 4. Let a(t) = -4*t + 3. Let h(j) = -3*a(j) + 2*p(j). Suppose 4*c - 3 = -7. Determine h(c).
-7
Let o(v) = -1 + 0*v + 2*v + 0*v - 4*v. Give o(1).
-3
Let i(a) = -4*a**2 + 12*a - 5. Let m(d) = 5*d**2 - 10*d + 4. Let s(b) = -5*i(b) - 6*m(b). Let u = -2 - -3. Give s(u).
-9
Let q(o) = o - 6. Let f = -55 - -66. What is q(f)?
5
Suppose -128*f - 2 = -129*f. Let r(l) = l**3 - 2*l**2 + l + 1. Determine r(f).
3
Let u(j) = -14*j**3 - 17*j**2 - 26*j - 14. Let d(b) = 0 + 1 + 5*b**3 + 6*b**2 + 4 + 9*b. Let z(s) = -17*d(s) - 6*u(s). What is z(2)?
-3
Let a(n) be the second derivative of n**7/2520 + n**6/144 + n**5/20 - n**4/3 + 4*n. Let k(y) be the third derivative of a(y). Calculate k(-6).
12
Let i(n) = n - 3*n - 3*n + 5. Let k(d) = -d + 1. Let o(a) = 2*i(a) - 11*k(a). Let f be o(-2). Let h(z) = z + 4. Calculate h(f).
1
Let j = -3 + 3. Let s(t) = t + j*t + t. Determine s(3).
6
Let s be (9 - 5)*10/(-4). Let n(m) = -m**3 + 6*m**2 + 6*m + 1. Let u be n(7). Let g = u - s. Let c(q) = -2*q + 5. Determine c(g).
-3
Let w(u) = u**2 + 8*u + 3. Let j(g) = -g**2 - 3*g**2 - 4 - g**3 - 2 - 2*g**2. Let k be j(-6). What is w(k)?
-9
Let t(p) = 6. Let g(m) be the first derivative of -m**2/2 - 7*m - 9. Let c(j) = 5*g(j) + 6*t(j). Determine c(1).
-4
Let t(o) = -4*o**3 + 2*o**2 - 2*o + 1. Let w(x) be the first derivative of -3*x**4/4 + x**3 - 3*x**2/2 + 2*x + 2. Let m(n) = 3*t(n) - 2*w(n). Give m(-1).
5
Let k(i) = i - 2. Let c be k(8). Let u be 3 - c/9*3. Let t(z) = -z + z - 2*z - 3*z + 1. Determine t(u).
-4
Let g(x) = -5*x + 2. Let b(d) = -d + 1. Let n(q) = -3*b(q) + g(q). What is n(3)?
-7
Let l(p) be the first derivative of p**3/3 + 3*p**2 - p - 1. Let m be l(-7). Let y(h) = -2 - m*h + 3*h + h**2 + 0*h**2. Determine y(3).
-2
Let l(c) be the first derivative of 3*c**2/2 - 34. Let y(t) = t**3 - 7*t**2 + 7*t - 9. Suppose 2*x + 30 = 7*x. Let z be y(x). Give l(z).
-9
Let u be 43/9 + (-8)/(-36). Let v(b) = b + 2. Calculate v(u).
7
Let d = 7 + -6. Let s(i) be the third derivative of -13*i**5/60 + i**4/24 - 6*i**2. Calculate s(d).
-12
Let h(u) = 5*u**3 + u**2 + 7*u - 441 - 8*u**2 + 435. Let x(y) = -y**3 + y**2 - y + 1. Let n(r) = -h(r) - 6*x(r). Suppose -2 = -3*m + 1. What is n(m)?
1
Let y(i) = -i**2 - 4*i - 3. Let n be y(-3). Suppose 2*j + n = 4. Let g(h) = h**j + 3*h - h + 3*h + 2. Give g(-2).
-4
Let p(z) = z**2 + 7*z + 5. Suppose -2*a = -a + 5. Calculate p(a).
-5
Let r(b) = -43 - 2*b + 41 + b**2 + b - b**3. What is r(3)?
-23
Let v(x) = x - 4. Suppose -d + 20 = -5*d. Give v(d).
-9
Let k(o) = -3*o**2 - 2*o + 1. Suppose -5 = -2*b - 1, 4*f - b = 18. Let m = -3 + f. Suppose 1 = m*r - 1. Give k(r).
-4
Let o(a) = -a**2 + 4*a + 4. Let b(y) = -y**3 - 5*y**2 - 7*y. Let s be b(-3). Calculate o(s).
7
Let s be (-12)/2*-2*5. Let y be 1/4 + s/16. Let x(f) = -2*f + f**2 - 3*f + 3 + 0*f. Calculate x(y).
-1
Let y(d) = 5*d**3 + 3*d**2 - d - 5. Let c(a) = -11*a**3 - 6*a**2 + a + 10. Let j(l)